802.
8
Calculate the remainder when 492377 is divided by 8638.
11
What is the remainder when 1140464 is divided by 456?
8
Calculate the remainder when 932 is divided by 120.
92
Calculate the remainder when 31717 is divided by 10569.
10
Calculate the remainder when 3029 is divided by 112.
5
What is the remainder when 19200 is divided by 634?
180
Calculate the remainder when 69387 is divided by 889.
45
Calculate the remainder when 147413 is divided by 12.
5
Calculate the remainder when 14498 is divided by 1801.
90
What is the remainder when 12531 is divided by 95?
86
What is the remainder when 851 is divided by 179?
135
Calculate the remainder when 1000505 is divided by 254.
253
Calculate the remainder when 857991 is divided by 29.
26
Calculate the remainder when 35837 is divided by 256.
253
What is the remainder when 2846 is divided by 46?
40
Calculate the remainder when 3105 is divided by 385.
25
What is the remainder when 8625 is divided by 69?
0
Calculate the remainder when 1783 is divided by 273.
145
Calculate the remainder when 17957 is divided by 31.
8
Calculate the remainder when 492 is divided by 69.
9
Calculate the remainder when 1676861 is divided by 54.
53
Calculate the remainder when 36740 is divided by 56.
4
Calculate the remainder when 3661 is divided by 3655.
6
Calculate the remainder when 3029 is divided by 258.
191
What is the remainder when 252645 is divided by 10?
5
Calculate the remainder when 168826 is divided by 84407.
12
Calculate the remainder when 65135 is divided by 84.
35
What is the remainder when 122246 is divided by 296?
294
What is the remainder when 157634 is divided by 39387?
86
Calculate the remainder when 28728 is divided by 259.
238
Calculate the remainder when 1716 is divided by 104.
52
Calculate the remainder when 103436 is divided by 2028.
8
What is the remainder when 58497 is divided by 125?
122
Calculate the remainder when 7379089 is divided by 46.
45
Calculate the remainder when 1646142 is divided by 1165.
1162
Calculate the remainder when 1393 is divided by 434.
91
What is the remainder when 5348 is divided by 60?
8
What is the remainder when 17509294 is divided by 328?
326
What is the remainder when 736594 is divided by 23?
19
Calculate the remainder when 32941 is divided by 2991.
40
What is the remainder when 450558 is divided by 9?
0
What is the remainder when 34706 is divided by 285?
221
Calculate the remainder when 11273 is divided by 59.
4
Calculate the remainder when 1813 is divided by 138.
19
What is the remainder when 1667 is divided by 526?
89
What is the remainder when 2505 is divided by 566?
241
Calculate the remainder when 2415 is divided by 281.
167
What is the remainder when 695953 is divided by 231984?
1
Calculate the remainder when 31170 is divided by 358.
24
What is the remainder when 101451 is divided by 101450?
1
What is the remainder when 27125 is divided by 6753?
113
What is the remainder when 4564 is divided by 114?
4
What is the remainder when 102336 is divided by 301?
297
What is the remainder when 57069 is divided by 602?
481
Calculate the remainder when 18131 is divided by 4509.
95
What is the remainder when 2932 is divided by 1459?
14
What is the remainder when 27020 is divided by 33?
26
What is the remainder when 15458 is divided by 3091?
3
What is the remainder when 48099 is divided by 843?
48
Calculate the remainder when 1258 is divided by 648.
610
What is the remainder when 311380 is divided by 312?
4
Calculate the remainder when 847 is divided by 95.
87
Calculate the remainder when 20708 is divided by 190.
188
What is the remainder when 136409 is divided by 67?
64
What is the remainder when 74235 is divided by 232?
227
Calculate the remainder when 22648 is divided by 482.
476
Calculate the remainder when 386535 is divided by 69.
66
What is the remainder when 5173 is divided by 638?
69
What is the remainder when 11305 is divided by 1613?
14
Calculate the remainder when 3475 is divided by 465.
220
Calculate the remainder when 84685 is divided by 1020.
25
What is the remainder when 46092 is divided by 34?
22
Calculate the remainder when 194814 is divided by 21.
18
What is the remainder when 59205 is divided by 2277?
3
What is the remainder when 4804 is divided by 32?
4
What is the remainder when 1909 is divided by 628?
25
Calculate the remainder when 14890 is divided by 858.
304
What is the remainder when 108611 is divided by 27152?
3
Calculate the remainder when 35608 is divided by 285.
268
What is the remainder when 5822 is divided by 968?
14
What is the remainder when 17987 is divided by 338?
73
What is the remainder when 236701 is divided by 450?
1
What is the remainder when 5788 is divided by 16?
12
What is the remainder when 74913 is divided by 185?
173
Calculate the remainder when 3151 is divided by 18.
1
Calculate the remainder when 230 is divided by 58.
56
Calculate the remainder when 5389 is divided by 2491.
407
What is the remainder when 1422 is divided by 283?
7
Calculate the remainder when 42922 is divided by 32.
10
Calculate the remainder when 5710 is divided by 204.
202
Calculate the remainder when 1094 is divided by 721.
373
Calculate the remainder when 10949 is divided by 5465.
19
Calculate the remainder when 30799 is divided by 737.
582
Calculate the remainder when 6966 is divided by 1393.
1
Calculate the remainder when 942399 is divided by 155.
154
What is the remainder when 246575 is divided by 53?
19
Calculate the remainder when 368 is divided by 3.
2
Calculate the remainder when 88197 is divided by 245.
242
What is the remainder when 585 is divided by 225?
135
What is the remainder when 4201 is divided by 3606?
595
What is the remainder when 91373 is divided by 107?
102
What is the remainder when 70767 is divided by 8839?
55
What is the remainder when 99355 is divided by 118?
117
What is the remainder when 595569 is divided by 302?
25
What is the remainder when 10829 is divided by 10451?
378
What is the remainder when 3771 is divided by 1255?
6
Calculate the remainder when 19133 is divided by 3820.
33
Calculate the remainder when 437 is divided by 227.
210
Calculate the remainder when 3312 is divided by 3114.
198
What is the remainder when 301 is divided by 151?
150
Calculate the remainder when 202510 is divided by 313.
312
Calculate the remainder when 116063 is divided by 279.
278
What is the remainder when 16763 is divided by 23?
19
What is the remainder when 543 is divided by 315?
228
What is the remainder when 734133 is divided by 355?
348
Calculate the remainder when 905382 is divided by 28293.
6
What is the remainder when 98765 is divided by 177?
176
Calculate the remainder when 3652 is divided by 1201.
49
Calculate the remainder when 468 is divided by 193.
82
Calculate the remainder when 343 is divided by 258.
85
What is the remainder when 39152 is divided by 104?
48
Calculate the remainder when 7366 is divided by 146.
66
Calculate the remainder when 8881 is divided by 73.
48
What is the remainder when 798 is divided by 57?
0
Calculate the remainder when 822042 is divided by 5170.
12
What is the remainder when 730399 is divided by 243462?
13
Calculate the remainder when 28804 is divided by 92.
8
What is the remainder when 118249 is divided by 148?
145
What is the remainder when 182042 is divided by 1480?
2
What is the remainder when 2524 is divided by 349?
81
What is the remainder when 10389 is divided by 3459?
12
What is the remainder when 28860 is divided by 9576?
132
What is the remainder when 2599 is divided by 200?
199
Calculate the remainder when 18467 is divided by 550.
317
What is the remainder when 20110 is divided by 544?
526
What is the remainder when 13031 is divided by 14?
11
Calculate the remainder when 19699 is divided by 9839.
21
Calculate the remainder when 24507 is divided by 22.
21
What is the remainder when 63117 is divided by 71?
69
What is the remainder when 1005 is divided by 144?
141
What is the remainder when 11423 is divided by 47?
2
Calculate the remainder when 919665 is divided by 306552.
9
Calculate the remainder when 10839 is divided by 29.
22
What is the remainder when 9962 is divided by 2487?
14
Calculate the remainder when 1483 is divided by 213.
205
What is the remainder when 98637 is divided by 271?
264
W